 51.
17
Calculate the remainder when 132 is divided by 9.
6
What is the remainder when 240 is divided by 27?
24
What is the remainder when 1457 is divided by 19?
13
What is the remainder when 54 is divided by 24?
6
Calculate the remainder when 7413 is divided by 18.
15
Calculate the remainder when 689 is divided by 233.
223
What is the remainder when 3027 is divided by 347?
251
What is the remainder when 639 is divided by 207?
18
What is the remainder when 14737 is divided by 55?
52
What is the remainder when 951 is divided by 53?
50
Calculate the remainder when 279 is divided by 65.
19
What is the remainder when 771 is divided by 36?
15
What is the remainder when 210 is divided by 61?
27
Calculate the remainder when 1162 is divided by 1152.
10
Calculate the remainder when 1710 is divided by 85.
10
What is the remainder when 110729 is divided by 31?
28
Calculate the remainder when 1618 is divided by 135.
133
What is the remainder when 24 is divided by 15?
9
Calculate the remainder when 60 is divided by 5.
0
Calculate the remainder when 284 is divided by 26.
24
What is the remainder when 739 is divided by 14?
11
What is the remainder when 166 is divided by 57?
52
Calculate the remainder when 182 is divided by 8.
6
Calculate the remainder when 1824 is divided by 25.
24
What is the remainder when 402 is divided by 81?
78
What is the remainder when 200 is divided by 7?
4
Calculate the remainder when 84 is divided by 28.
0
What is the remainder when 348 is divided by 100?
48
Calculate the remainder when 407 is divided by 67.
5
Calculate the remainder when 43672 is divided by 29.
27
Calculate the remainder when 257 is divided by 14.
5
What is the remainder when 702 is divided by 76?
18
What is the remainder when 42 is divided by 15?
12
Calculate the remainder when 12979 is divided by 10.
9
Calculate the remainder when 850 is divided by 133.
52
What is the remainder when 344 is divided by 115?
114
What is the remainder when 574 is divided by 182?
28
What is the remainder when 542 is divided by 108?
2
What is the remainder when 393 is divided by 232?
161
What is the remainder when 2256 is divided by 561?
12
What is the remainder when 408 is divided by 42?
30
Calculate the remainder when 78 is divided by 31.
16
What is the remainder when 1168 is divided by 199?
173
Calculate the remainder when 1554 is divided by 37.
0
Calculate the remainder when 1113 is divided by 369.
6
Calculate the remainder when 3824 is divided by 1261.
41
What is the remainder when 819 is divided by 41?
40
What is the remainder when 205 is divided by 52?
49
What is the remainder when 328 is divided by 66?
64
Calculate the remainder when 804 is divided by 81.
75
Calculate the remainder when 421 is divided by 112.
85
Calculate the remainder when 417 is divided by 12.
9
What is the remainder when 307 is divided by 103?
101
Calculate the remainder when 115 is divided by 81.
34
What is the remainder when 38 is divided by 22?
16
Calculate the remainder when 2203 is divided by 85.
78
Calculate the remainder when 9962 is divided by 53.
51
Calculate the remainder when 387 is divided by 78.
75
Calculate the remainder when 286 is divided by 73.
67
Calculate the remainder when 88 is divided by 9.
7
What is the remainder when 4048 is divided by 30?
28
What is the remainder when 3961 is divided by 988?
9
What is the remainder when 540 is divided by 530?
10
Calculate the remainder when 30748 is divided by 191.
188
Calculate the remainder when 105 is divided by 6.
3
Calculate the remainder when 519 is divided by 83.
21
Calculate the remainder when 79 is divided by 15.
4
Calculate the remainder when 64 is divided by 12.
4
Calculate the remainder when 358 is divided by 311.
47
What is the remainder when 1079 is divided by 20?
19
What is the remainder when 69 is divided by 15?
9
Calculate the remainder when 381 is divided by 65.
56
Calculate the remainder when 3998 is divided by 20.
18
What is the remainder when 46 is divided by 6?
4
Calculate the remainder when 31 is divided by 9.
4
Calculate the remainder when 331 is divided by 40.
11
Calculate the remainder when 1793 is divided by 23.
22
What is the remainder when 16 is divided by 6?
4
What is the remainder when 115 is divided by 14?
3
What is the remainder when 211 is divided by 106?
105
What is the remainder when 653 is divided by 77?
37
What is the remainder when 1801 is divided by 34?
33
What is the remainder when 769 is divided by 3?
1
Calculate the remainder when 17097 is divided by 38.
35
Calculate the remainder when 271 is divided by 116.
39
Calculate the remainder when 90 is divided by 32.
26
What is the remainder when 1319 is divided by 40?
39
Calculate the remainder when 7923 is divided by 4.
3
Calculate the remainder when 1390 is divided by 15.
10
Calculate the remainder when 189 is divided by 37.
4
What is the remainder when 72 is divided by 25?
22
What is the remainder when 60 is divided by 9?
6
What is the remainder when 745 is divided by 192?
169
What is the remainder when 40 is divided by 7?
5
What is the remainder when 427 is divided by 246?
181
Calculate the remainder when 92 is divided by 37.
18
What is the remainder when 688 is divided by 70?
58
What is the remainder when 555 is divided by 62?
59
Calculate the remainder when 268 is divided by 16.
12
Calculate the remainder when 1398 is divided by 33.
12
What is the remainder when 37 is divided by 24?
13
Calculate the remainder when 1929 is divided by 58.
15
Calculate the remainder when 321 is divided by 27.
24
What is the remainder when 1422 is divided by 14?
8
Calculate the remainder when 781 is divided by 104.
53
Calculate the remainder when 983 is divided by 161.
17
What is the remainder when 98 is divided by 33?
32
Calculate the remainder when 541 is divided by 169.
34
Calculate the remainder when 74 is divided by 40.
34
What is the remainder when 330 is divided by 10?
0
Calculate the remainder when 140 is divided by 13.
10
Calculate the remainder when 143 is divided by 68.
7
What is the remainder when 159 is divided by 86?
73
What is the remainder when 477 is divided by 20?
17
What is the remainder when 5355 is divided by 47?
44
Calculate the remainder when 493 is divided by 110.
53
Calculate the remainder when 276 is divided by 29.
15
Calculate the remainder when 987 is divided by 33.
30
What is the remainder when 320 is divided by 23?
21
What is the remainder when 1097 is divided by 26?
5
What is the remainder when 64 is divided by 16?
0
What is the remainder when 4 is divided by 1?
0
Calculate the remainder when 10846 is divided by 70.
66
Calculate the remainder when 745 is divided by 44.
41
Calculate the remainder when 222 is divided by 9.
6
Calculate the remainder when 2940 is divided by 128.
124
What is the remainder when 1656 is divided by 47?
11
Calculate the remainder when 452 is divided by 12.
8
Calculate the remainder when 1922 is divided by 956.
10
What is the remainder when 1311 is divided by 28?
23
Calculate the remainder when 874 is divided by 837.
37
What is the remainder when 46 is divided by 1?
0
What is the remainder when 2429 is divided by 76?
73
What is the remainder when 4417 is divided by 52?
49
Calculate the remainder when 1031 is divided by 141.
44
What is the remainder when 979 is divided by 41?
36
What is the remainder when 1399 is divided by 13?
8
Calculate the remainder when 175 is divided by 14.
7
Calculate the remainder when 847 is divided by 27.
10
Calculate the remainder when 4927 is divided by 59.
30
Calculate the remainder when 81 is divided by 72.
9
Calculate the remainder when 51 is divided by 6.
3
What is the remainder when 223 is divided by 107?
9
What is the remainder when 10252 is divided by 19?
11
Calculate the remainder when 200 is divided by 88.
24
What is the remainder when 235 is divided by 36?
19
What is the remainder when 5763 is divided by 7?
2
Calculate the remainder when 2136 is divided by 118.
12
Calculate the remainder when 184 is divided by 48.
40
Calculate the remainder when 55 is divided by 13.
3
What is the remainder when 74 is divided by 20?
14
What is the remainder when 563 is divided by 73?
52
What is the remainder when 787 is divided by 193?
15
Calculate the remainder when 363 is divided by 28.
27
Calcula